{"id":3834,"date":"2024-04-30T09:03:23","date_gmt":"2024-04-30T07:03:23","guid":{"rendered":"https:\/\/uga-universite-avenirs.fr\/?page_id=3834"},"modified":"2024-05-17T12:02:04","modified_gmt":"2024-05-17T10:02:04","slug":"election-du-president","status":"publish","type":"page","link":"https:\/\/uga-universite-avenirs.fr\/","title":{"rendered":"<font color=\"#FFA500\">Yassine <span class=\"petmaj\">Lakhnech<\/span> \u00e9lu Pr\u00e9sident de l&#8217;UGA<\/font>"},"content":{"rendered":"\n<p><strong>Le Conseil d&#8217;Administration<\/strong>, compos\u00e9 de 41 membres dont les 29 membres \u00e9lus le 11 avril dernier et 12 personnalit\u00e9s ext\u00e9rieures se r\u00e9partissant comme suit :<\/p>\n\n\n\n<ul>\n<li>5 personnalit\u00e9s nomm\u00e9es par les ONR : Bruno <span class=\"petmaj\">Feignier<\/span> (suppl\u00e9ant Aymeric <span class=\"petmaj\">Sperandio<\/span>) pour le CEA, Marjorie <span class=\"petmaj\">Fraisse<\/span> (suppl\u00e9ante Marie <span class=\"petmaj\">Gaille<\/span>) pour le CNRS, Pascal <span class=\"petmaj\">Boistard<\/span> (suppl\u00e9ant Marc <span class=\"petmaj\">Fuhr<\/span>) pour l&#8217;INRAe, Fr\u00e9d\u00e9ric <span class=\"petmaj\">Desprez<\/span> (suppl\u00e9ant Nicolas <span class=\"petmaj\">Maurin<\/span>) pour l&#8217;INRIA et Dominique <span class=\"petmaj\">Pella<\/span> (suppl\u00e9ant Jean-Luc <span class=\"petmaj\">Coll<\/span>) pour l&#8217;INSERM,<\/li>\n\n\n\n<li>1 repr\u00e9sentante de la r\u00e9gion: Catherine <span class=\"petmaj\">Bolze<\/span> (suppl\u00e9ante Nathalie <span class=\"petmaj\">Beranger<\/span>),<\/li>\n\n\n\n<li>1 repr\u00e9sentant de la communaut\u00e9 d\u2019agglom\u00e9ration de Grenoble: Pierre <span class=\"petmaj\">Labriet<\/span> (suppl\u00e9ant Thierry <span class=\"petmaj\">Semanaz<\/span>),<\/li>\n\n\n\n<li>1 repr\u00e9sentant de la communaut\u00e9 d\u2019agglom\u00e9ration de Valence Romans Agglo: Nicolas <span class=\"petmaj\">Daragon<\/span> (suppl\u00e9ant Sylvain <span class=\"petmaj\">Fauriel<\/span>), <\/li>\n\n\n\n<li>1 repr\u00e9sentante du Crous: B\u00e9n\u00e9dicte <span class=\"petmaj\">Corvaisier<\/span> (suppl\u00e9ante Pascaline <span class=\"petmaj\">Nicolas<\/span>),<\/li>\n\n\n\n<li>3 repr\u00e9sentantes du monde socio-\u00e9conomique et culturel qui ont \u00e9t\u00e9 \u00e9lues le 30 avril par les autres membres du CA: Anne-Marie <span class=\"petmaj\">Ma\u00fcr<\/span>, Sophie <span class=\"petmaj\">Mouton<\/span> et Marie-Christine <span class=\"petmaj\">Simiand<\/span>,<\/li>\n<\/ul>\n\n\n\n<p><a href=\"https:\/\/www.univ-grenoble-alpes.fr\/actualites\/a-la-une\/actualites-universite\/yassine-lakhnech-reelu-president-du-grand-etablissement-universite-grenoble-alpes-1430379.kjsp?RH=1573725981688\" target=\"_blank\" rel=\"noopener\" title=\"\"><strong>a r\u00e9\u00e9lu ce jeudi 16 mai 2024 Yassine <span class=\"petmaj\">Lakhnech<\/span> Pr\u00e9sident de l&#8217;Universit\u00e9 Grenoble Alpes pour un mandat de 4 ans<\/strong> (22 voix pour, 18 voix contre et 1 abstention). <\/a><\/p>\n\n\n\n<p><font color=\"#FFA500\"><em><strong>Nous allons donc pouvoir poursuivre ensemble et en lien avec les organismes nationaux de recherche, le Crous et les Territoires, la construction de notre Universit\u00e9 int\u00e9gr\u00e9e, forte de ses composantes et de ses p\u00f4les de recherche et au service de TOUS ses personnels, \u00e9tudiantes et \u00e9tudiants !<\/strong><\/em><\/font><\/p>\n\n\n<div class=\"wp-block-image\">\n<figure data-wp-context=\"{ &quot;core&quot;:\n\t\t\t\t{ &quot;image&quot;:\n\t\t\t\t\t{   &quot;imageLoaded&quot;: false,\n\t\t\t\t\t\t&quot;initialized&quot;: false,\n\t\t\t\t\t\t&quot;lightboxEnabled&quot;: false,\n\t\t\t\t\t\t&quot;hideAnimationEnabled&quot;: false,\n\t\t\t\t\t\t&quot;preloadInitialized&quot;: false,\n\t\t\t\t\t\t&quot;lightboxAnimation&quot;: &quot;zoom&quot;,\n\t\t\t\t\t\t&quot;imageUploadedSrc&quot;: &quot;https:\/\/uga-universite-avenirs.fr\/wp-content\/uploads\/2024\/04\/Equipe-2.png&quot;,\n\t\t\t\t\t\t&quot;imageCurrentSrc&quot;: &quot;&quot;,\n\t\t\t\t\t\t&quot;targetWidth&quot;: &quot;1808&quot;,\n\t\t\t\t\t\t&quot;targetHeight&quot;: &quot;782&quot;,\n\t\t\t\t\t\t&quot;scaleAttr&quot;: &quot;&quot;,\n\t\t\t\t\t\t&quot;dialogLabel&quot;: &quot;Enlarged image&quot;\n\t\t\t\t\t}\n\t\t\t\t}\n\t\t\t}\" data-wp-interactive class=\"aligncenter size-large wp-lightbox-container\"><img loading=\"lazy\" decoding=\"async\" width=\"1024\" height=\"443\" data-wp-effect--setStylesOnResize=\"effects.core.image.setStylesOnResize\" data-wp-effect=\"effects.core.image.setButtonStyles\" data-wp-init=\"effects.core.image.initOriginImage\" data-wp-on--click=\"actions.core.image.showLightbox\" data-wp-on--load=\"actions.core.image.handleLoad\" src=\"https:\/\/uga-universite-avenirs.fr\/wp-content\/uploads\/2024\/04\/Equipe-2-1024x443.png\" alt=\"\" class=\"wp-image-3792\" srcset=\"https:\/\/uga-universite-avenirs.fr\/wp-content\/uploads\/2024\/04\/Equipe-2-1024x443.png 1024w, https:\/\/uga-universite-avenirs.fr\/wp-content\/uploads\/2024\/04\/Equipe-2-300x130.png 300w, https:\/\/uga-universite-avenirs.fr\/wp-content\/uploads\/2024\/04\/Equipe-2-768x332.png 768w, https:\/\/uga-universite-avenirs.fr\/wp-content\/uploads\/2024\/04\/Equipe-2-1536x664.png 1536w, https:\/\/uga-universite-avenirs.fr\/wp-content\/uploads\/2024\/04\/Equipe-2-676x292.png 676w, https:\/\/uga-universite-avenirs.fr\/wp-content\/uploads\/2024\/04\/Equipe-2.png 1808w\" sizes=\"(max-width: 1024px) 100vw, 1024px\" \/><button\n\t\t\tclass=\"lightbox-trigger\"\n\t\t\ttype=\"button\"\n\t\t\taria-haspopup=\"dialog\"\n\t\t\taria-label=\"Enlarge image\"\n\t\t\tdata-wp-on--click=\"actions.core.image.showLightbox\"\n\t\t\tdata-wp-style--right=\"context.core.image.imageButtonRight\"\n\t\t\tdata-wp-style--top=\"context.core.image.imageButtonTop\"\n\t\t>\n\t\t\t<svg xmlns=\"http:\/\/www.w3.org\/2000\/svg\" width=\"12\" height=\"12\" fill=\"none\" viewBox=\"0 0 12 12\">\n\t\t\t\t<path fill=\"#fff\" d=\"M2 0a2 2 0 0 0-2 2v2h1.5V2a.5.5 0 0 1 .5-.5h2V0H2Zm2 10.5H2a.5.5 0 0 1-.5-.5V8H0v2a2 2 0 0 0 2 2h2v-1.5ZM8 12v-1.5h2a.5.5 0 0 0 .5-.5V8H12v2a2 2 0 0 1-2 2H8Zm2-12a2 2 0 0 1 2 2v2h-1.5V2a.5.5 0 0 0-.5-.5H8V0h2Z\" \/>\n\t\t\t<\/svg>\n\t\t<\/button>        <div data-wp-body=\"\" class=\"wp-lightbox-overlay zoom\"\n            data-wp-bind--role=\"selectors.core.image.roleAttribute\"\n            data-wp-bind--aria-label=\"selectors.core.image.dialogLabel\"\n            data-wp-class--initialized=\"context.core.image.initialized\"\n            data-wp-class--active=\"context.core.image.lightboxEnabled\"\n            data-wp-class--hideAnimationEnabled=\"context.core.image.hideAnimationEnabled\"\n            data-wp-bind--aria-modal=\"selectors.core.image.ariaModal\"\n            data-wp-effect=\"effects.core.image.initLightbox\"\n            data-wp-on--keydown=\"actions.core.image.handleKeydown\"\n            data-wp-on--touchstart=\"actions.core.image.handleTouchStart\"\n            data-wp-on--touchmove=\"actions.core.image.handleTouchMove\"\n            data-wp-on--touchend=\"actions.core.image.handleTouchEnd\"\n            data-wp-on--click=\"actions.core.image.hideLightbox\"\n            tabindex=\"-1\"\n            >\n                <button type=\"button\" aria-label=\"Close\" style=\"fill: #000\" class=\"close-button\" data-wp-on--click=\"actions.core.image.hideLightbox\">\n                    <svg xmlns=\"http:\/\/www.w3.org\/2000\/svg\" viewBox=\"0 0 24 24\" width=\"20\" height=\"20\" aria-hidden=\"true\" focusable=\"false\"><path d=\"M13 11.8l6.1-6.3-1-1-6.1 6.2-6.1-6.2-1 1 6.1 6.3-6.5 6.7 1 1 6.5-6.6 6.5 6.6 1-1z\"><\/path><\/svg>\n                <\/button>\n                <div class=\"lightbox-image-container\"><div class=\"wp-block-image\">\n<figure class=\"aligncenter size-large responsive-image\"><img decoding=\"async\" data-wp-bind--src=\"context.core.image.imageCurrentSrc\" data-wp-style--object-fit=\"selectors.core.image.lightboxObjectFit\" src=\"\" alt=\"\" class=\"wp-image-3792\"\/><\/figure><\/div><\/div>\n                <div class=\"lightbox-image-container\"><div class=\"wp-block-image\">\n<figure class=\"aligncenter size-large enlarged-image\"><img decoding=\"async\" data-wp-bind--src=\"selectors.core.image.enlargedImgSrc\" data-wp-style--object-fit=\"selectors.core.image.lightboxObjectFit\" src=\"\" alt=\"\" class=\"wp-image-3792\"\/><\/figure><\/div><\/div>\n                <div class=\"scrim\" style=\"background-color: #fff\" aria-hidden=\"true\"><\/div>\n        <\/div><\/figure><\/div>\n\n\n<details class=\"wp-block-mamaduka-toggles wp-block-toggles\"><summary>Pour en savoir plus sur notre candidature, cliquez ici.<\/summary><div class=\"wp-block-toggles__content\">\n<p><br>Nos listes <em><strong>UGA : universit\u00e9 d&#8217;avenirs<\/strong><\/em> et <em><strong>Doctorants UGA : universit\u00e9 d\u2019avenirs<\/strong><\/em> portent un programme ambitieux et r\u00e9aliste, en prise avec le terrain, centr\u00e9 sur l\u2019humain \u00e0 destination de toutes les actrices et de tous les acteurs de l\u2019Universit\u00e9 Grenoble Alpes.  Arriv\u00e9es en t\u00eate en nombre de si\u00e8ges lors des \u00e9lections de novembre 2023 \u00e0 tous les conseils centraux (Conseil d\u2019Administration, Commission Recherche et Commission de la Formation et de la Vie Universitaire), elles renouvellent leur soutien \u00e0 la candidature de <strong>Yassine Lakhnech<\/strong> et de <strong>son \u00e9quipe<\/strong> pour l&#8217;\u00e9lection 2024 \u00e0 la pr\u00e9sidence de l\u2019UGA, suite \u00e0 l&#8217;annulation par le tribunal administratif de Grenoble  des \u00e9lections de novembre 2023 (d\u00e9cision n\u00b02308224 du 8 f\u00e9vrier 2024).<\/p>\n\n\n\n<p>L\u2019Universit\u00e9 Grenoble Alpes a \u00e9t\u00e9 cr\u00e9\u00e9e en 2020 par <strong>l\u2019int\u00e9gration de toutes les forces du site<\/strong>, tant dans les domaines de la formation que de la recherche et de l\u2019innovation. Son mod\u00e8le permet de mettre en <strong>synergie les forces, le potentiel et les compl\u00e9mentarit\u00e9s<\/strong> entre les composantes acad\u00e9miques, les p\u00f4les de recherche et les communaut\u00e9s scientifiques.<\/p>\n\n\n\n<p>Gr\u00e2ce \u00e0 l\u2019engagement de toutes et de tous, <strong>la notori\u00e9t\u00e9 de notre universit\u00e9 est aujourd\u2019hui incontestable<\/strong> tant au niveau national qu\u2019international.<\/p>\n\n\n\n<p>Pour autant cela ne doit pas masquer une r\u00e9alit\u00e9 quotidienne parfois difficile et complexe. Nous sommes conscients que beaucoup reste \u00e0 faire pour r\u00e9aliser pleinement les ambitions port\u00e9es par notre communaut\u00e9 et am\u00e9liorer le fonctionnement interne de notre universit\u00e9.  \u00c0 cette fin, nous vous proposons de <strong>consolider, ensemble, la construction de notre universit\u00e9 pour que chacune et chacun puisse s\u2019\u00e9panouir dans l\u2019accomplissement de ses missions et r\u00e9aliser les projets qui sont les siens.<\/strong><\/p>\n<\/div><\/details>\n\n\n\n<h3 class=\"wp-block-heading\"><font color=\"#00BCE3\">Le programme de Yassine <span class=\"petmaj\">Lakhnech<\/span> propose d\u2019agir dans six domaines principaux\u00a0:<\/font><\/h3>\n\n\n\n<ul>\n<li>Dialogue social et gouvernance (<a href=\"https:\/\/uga-universite-avenirs.fr\/?p=3804\" title=\"\">pour en savoir plus<\/a>)&nbsp;;<\/li>\n\n\n\n<li>Conditions de travail et opportunit\u00e9s de carri\u00e8re&nbsp;(<a href=\"https:\/\/uga-universite-avenirs.fr\/?p=3807\" title=\"\">pour en savoir plus<\/a>)&nbsp;;<\/li>\n\n\n\n<li>Les missions de l\u2019universit\u00e9&nbsp;(<a href=\"https:\/\/uga-universite-avenirs.fr\/?p=3809\" title=\"\">pour en savoir plus<\/a>)&nbsp;;<\/li>\n\n\n\n<li>L\u2019am\u00e9lioration du fonctionnement de l\u2019\u00e9tablissement (<a href=\"https:\/\/uga-universite-avenirs.fr\/?p=3811\" title=\"\">pour en savoir plus<\/a>) ;<\/li>\n\n\n\n<li>La transformation \u00e9cologique (<a href=\"https:\/\/uga-universite-avenirs.fr\/?p=3813\" title=\"\">pour en savoir plus<\/a>) ;<\/li>\n\n\n\n<li>Continuer \u00e0 assainir les finances de l\u2019\u00e9tablissement (<a href=\"https:\/\/uga-universite-avenirs.fr\/?p=3815\" title=\"\">pour en savoir plus<\/a>).<\/li>\n<\/ul>\n\n\n\n<p><a href=\"https:\/\/uga-universite-avenirs.fr\/wp-content\/uploads\/2024\/04\/Programme-Yassine-Lakhnech-2024.pdf\" target=\"_blank\" rel=\"noopener\" title=\"\">Vous pouvez t\u00e9l\u00e9charger l&#8217;int\u00e9gralit\u00e9 du programme au format PDF en utilisant ce lien<\/a>.<\/p>\n\n\n\n<h3 class=\"wp-block-heading\"><font color=\"#00BCE3\">Il est bas\u00e9 sur six engagements\u00a0majeurs :<\/font><\/h3>\n\n\n\n<ul>\n<li>Instaurer un fonctionnement et une gouvernance bas\u00e9s sur la concertation et la coll\u00e9gialit\u00e9 dans le respect des r\u00f4les des instances et des acteurs et \u0153uvrer \u00e0 un <strong>dialogue social<\/strong> <strong>ouvert et respectueux <\/strong>des attentes de chacune et de chacun (<a href=\"https:\/\/uga-universite-avenirs.fr\/?p=879\">Fiche RH<\/a>, <a href=\"https:\/\/uga-universite-avenirs.fr\/?p=1540\">Fiche Fonctionnement de l\u2019\u00e9tablissement<\/a>)&nbsp;;<\/li>\n\n\n\n<li>Am\u00e9liorer les <strong>conditions de travail<\/strong> et les <strong>opportunit\u00e9s de carri\u00e8re <\/strong>(<a href=\"https:\/\/uga-universite-avenirs.fr\/?p=879\">Fiche RH<\/a>, <a href=\"https:\/\/uga-universite-avenirs.fr\/?p=1396\">Fiche \u00c9galit\u00e9, parit\u00e9, non-discrimination<\/a>, <a href=\"https:\/\/uga-universite-avenirs.fr\/?p=2330\">Fiche QVCT<\/a>), simplifier le fonctionnement de l\u2019\u00e9tablissement pour redonner du sens aux missions de chacune et de chacun (<a href=\"https:\/\/uga-universite-avenirs.fr\/?p=1540\">Fiche Fonctionnement de l\u2019\u00e9tablissement<\/a>, <a href=\"https:\/\/uga-universite-avenirs.fr\/?p=1384\">Fiche Simplification et transparence des proc\u00e9dures RH<\/a>)&nbsp;;<\/li>\n\n\n\n<li>Faire de la <strong>transformation \u00e9cologique<\/strong> une priorit\u00e9 de l\u2019\u00e9tablissement en r\u00e9duisant son empreinte environnementale et son empreinte carbone, en d\u00e9veloppant <strong>la formation et la sensibilisation<\/strong> des personnels et des \u00e9tudiants (<a href=\"https:\/\/uga-universite-avenirs.fr\/?p=1085\">Fiche Transformation \u00e9cologique<\/a>)&nbsp;;<\/li>\n\n\n\n<li>Soutenir une formation et une recherche de grande qualit\u00e9, dans toutes <strong>les disciplines<\/strong>, confortant l\u2019<strong>interdisciplinarit\u00e9 <\/strong>et l\u2019ouverture \u00e0 l\u2019<strong>international <\/strong>(<a href=\"https:\/\/uga-universite-avenirs.fr\/?p=1277\">Fiche Recherche et innovation<\/a>, <a href=\"https:\/\/uga-universite-avenirs.fr\/?p=1129\">Fiche Formation<\/a>)&nbsp;;<\/li>\n\n\n\n<li>Offrir aux \u00e9tudiantes et \u00e9tudiants les meilleures <strong>conditions de vie et d\u2019\u00e9tude <\/strong>et une <strong>offre de formation<\/strong> riche et adapt\u00e9e \u00e0 leurs projets et aux besoins de la soci\u00e9t\u00e9 (<a href=\"https:\/\/uga-universite-avenirs.fr\/?p=1369\">Fiche Vie \u00e9tudiante<\/a>)&nbsp;;<\/li>\n\n\n\n<li>Continuer d\u2019assainir structurellement les finances de l\u2019\u00e9tablissement sans faire porter <strong>les contraintes budg\u00e9taires conjoncturelles sur l\u2019emploi et les missions <\/strong>(<a href=\"https:\/\/uga-universite-avenirs.fr\/?p=863\">Fiche Budget<\/a>).<\/li>\n<\/ul>\n","protected":false},"excerpt":{"rendered":"<p>Le Conseil d&#8217;Administration, compos\u00e9 de 41 membres dont les 29 membres \u00e9lus le 11 avril dernier et 12 personnalit\u00e9s ext\u00e9rieures se r\u00e9partissant comme suit : a r\u00e9\u00e9lu ce jeudi 16 mai 2024 Yassine Lakhnech Pr\u00e9sident de l&#8217;Universit\u00e9 Grenoble Alpes pour un mandat de 4 ans (22 voix pour, 18 voix contre et 1 abstention). Nous [&hellip;]<\/p>\n","protected":false},"author":1,"featured_media":0,"parent":0,"menu_order":1,"comment_status":"closed","ping_status":"closed","template":"template-fullwidth.php","meta":{"_monsterinsights_skip_tracking":false,"_monsterinsights_sitenote_active":false,"_monsterinsights_sitenote_note":"","_monsterinsights_sitenote_category":0,"footnotes":""},"aioseo_notices":[],"_links":{"self":[{"href":"https:\/\/uga-universite-avenirs.fr\/index.php?rest_route=\/wp\/v2\/pages\/3834"}],"collection":[{"href":"https:\/\/uga-universite-avenirs.fr\/index.php?rest_route=\/wp\/v2\/pages"}],"about":[{"href":"https:\/\/uga-universite-avenirs.fr\/index.php?rest_route=\/wp\/v2\/types\/page"}],"author":[{"embeddable":true,"href":"https:\/\/uga-universite-avenirs.fr\/index.php?rest_route=\/wp\/v2\/users\/1"}],"replies":[{"embeddable":true,"href":"https:\/\/uga-universite-avenirs.fr\/index.php?rest_route=%2Fwp%2Fv2%2Fcomments&post=3834"}],"version-history":[{"count":49,"href":"https:\/\/uga-universite-avenirs.fr\/index.php?rest_route=\/wp\/v2\/pages\/3834\/revisions"}],"predecessor-version":[{"id":3931,"href":"https:\/\/uga-universite-avenirs.fr\/index.php?rest_route=\/wp\/v2\/pages\/3834\/revisions\/3931"}],"wp:attachment":[{"href":"https:\/\/uga-universite-avenirs.fr\/index.php?rest_route=%2Fwp%2Fv2%2Fmedia&parent=3834"}],"curies":[{"name":"wp","href":"https:\/\/api.w.org\/{rel}","templated":true}]}}