{"id":255,"date":"2024-03-09T10:16:41","date_gmt":"2024-03-09T09:16:41","guid":{"rendered":"https:\/\/uga-universite-avenirs.fr\/?page_id=255"},"modified":"2024-05-30T21:42:16","modified_gmt":"2024-05-30T19:42:16","slug":"latest-news","status":"publish","type":"page","link":"https:\/\/uga-universite-avenirs.fr\/?page_id=255","title":{"rendered":"<font color=\"#FFA500\">Agenda<\/font>"},"content":{"rendered":"\n<em><h2 class=\"wp-block-heading\"><font color=\"#0088A3\">Dates des \u00c9lections<\/font><\/h2><\/em>\n\n\n\n<p><strong>Jeudi 6 juin 2024<\/strong><br><font color=\"#FFA500\">\u00c9lection des vices-pr\u00e9sidents au CAc de l&#8217;UGA<\/font><br><em>La vice-pr\u00e9sidente du Conseil Acad\u00e9mique (CAc) et la vice-pr\u00e9sidente ou le vice-pr\u00e9sident \u00e9tudiant seront \u00e9lus par le CAc en formation pl\u00e9ni\u00e8re. Par la suite, la Commission de la Formation et de la Vie Universitaire (CFVU) puis la Commission Recherche (CR) \u00e9liront respectivement le vice-pr\u00e9sident formation et le vice-pr\u00e9sident recherche.<\/em><br><\/p>\n\n\n\n<hr class=\"wp-block-separator has-alpha-channel-opacity\"\/>\n\n\n\n<p><strong>Lundi 3 juin 2024<\/strong><br><font color=\"#FFA500\">\u00c9lection des vices-pr\u00e9sidents au CA de l&#8217;UGA<\/font><br><em>La vice-pr\u00e9sidente du Conseil d&#8217;Administration (CA) ainsi que les vices-pr\u00e9sidents fonctionnels seront \u00e9lus par le Conseil d&#8217;Administration (CA)<\/em>.<\/p>\n\n\n\n<hr class=\"wp-block-separator has-alpha-channel-opacity\"\/>\n\n\n\n<p><strong>Jeudi 16 mai 2024<\/strong><br><font color=\"#FFA500\">\u00c9lection du pr\u00e9sident de l&#8217;UGA<\/font><br><em>Le pr\u00e9sident ou la pr\u00e9sidente sera \u00e9lu-e pour un mandat de quatre ans, \u00e0 la majorit\u00e9 absolue des membres du Conseil d&#8217;Administration (CA)<\/em>.<br><\/p>\n\n\n\n<hr class=\"wp-block-separator has-alpha-channel-opacity\"\/>\n\n\n\n<p><strong>Mardi 30 avril 2024<\/strong><br><font color=\"#FFA500\">\u00c9lection des 3 repr\u00e9sentants du monde socio-\u00e9conomique et culturel du CA<\/font><br><em>Les trois repr\u00e9sentants du monde socio-\u00e9conomique et culturel du Conseil d&#8217;Administration (CA) sont \u00e9lus par les autres membres du CA<\/em>.<br><\/p>\n\n\n\n<hr class=\"wp-block-separator has-alpha-channel-opacity\"\/>\n\n\n\n<p><strong>Lundi 29 avril 2024 \u00e0 12 heures<\/strong><br><font color=\"#FFA500\">Candidature \u00e0 la pr\u00e9sidence de l&#8217;UGA<\/font><br><\/p>\n\n\n\n<p>Peuvent se porter candidats les enseignants-chercheurs, chercheurs, professeurs ou ma\u00eetres de conf\u00e9rences, associ\u00e9s ou invit\u00e9s, en exercice, ou tous autres personnels assimil\u00e9s sans condition de nationalit\u00e9. Les candidats et candidates devront faire acte de candidature au plus tard le lundi 29 avril 2024 12 heures.&nbsp;Cet acte de candidature peut \u00eatre accompagn\u00e9 d&#8217;une d\u00e9claration de 10 pages dactylographi\u00e9es maximum. A noter que les fonctions de pr\u00e9sident ou de pr\u00e9sidente sont incompatibles avec celles de membre \u00e9lu du conseil acad\u00e9mique, de directeur de composante acad\u00e9mique ou \u00e9l\u00e9mentaire, d&#8217;\u00e9cole ou d&#8217;institut ou de toute autre structure interne de l&#8217;UGA et avec celles de dirigeant ex\u00e9cutif de tout \u00e9tablissement public \u00e0 caract\u00e8re scientifique, culturel et professionnel ou de l&#8217;une de ses composantes ou structures internes.<\/p>\n\n\n\n<p>.<br><\/p>\n\n\n\n<hr class=\"wp-block-separator has-alpha-channel-opacity\"\/>\n\n\n\n<p><strong>Mardi 9 avril 2024 \u00e0 9 heures &#8211; jeudi 11 avril 2024 \u00e0 16 heures<\/strong><br><font color=\"#FFA500\">\u00c9lection des Conseils centraux de l&#8217;UGA<\/font><br><em>Les membres du Conseil d&#8217;Administration (CA) et du Conseil Acad\u00e9mique (CAc), compos\u00e9 de la Commission de la Recherche (CR) et de la Commission de la Formation et de la Vie Universitaire (CFVU), seront \u00e9lus selon un scrutin de liste \u00e0 un tour, \u00e0 la repr\u00e9sentation proportionnelle avec r\u00e9partition des si\u00e8ges restant \u00e0 pourvoir selon la r\u00e8gle du plus fort reste, sans panachage. Pour plus d&#8217;information, consulter <a href=\"https:\/\/elections.univ-grenoble-alpes.fr\/\" title=\"\">le site des \u00e9lections de l&#8217;UGA<\/a><\/em>.<br><\/p>\n\n\n\n<hr class=\"wp-block-separator has-alpha-channel-opacity\"\/>\n\n\n\n<p id=\"Webinaires\"><strong>Lundi 2 avril 2024 &#8211;  mardi 9 avril 2024<\/strong><br><font color=\"#FFA500\">Webinaires et r\u00e9unions publiques<\/font><br><em>Les membres de nos listes <strong>UGA : universit\u00e9 d&#8217;avenirs<\/strong> et <strong>Doctorants UGA : universit\u00e9 d\u2019avenirs<\/strong> et l&#8217;\u00e9quipe qu&#8217;elle soutient pour la pr\u00e9sidence ont organis\u00e9 des <strong>r\u00e9unions publiques et des webinaires<\/strong>. Nous n\u2019\u00e9tiez pas disponibles? Pas d&#8217;inqui\u00e9tude! Les webinaires ont \u00e9t\u00e9 enregistr\u00e9s pour que vous puissiez les visionner ult\u00e9rieurement, cf. liens ci-dessous.<\/em><\/p>\n\n\n\n<figure class=\"wp-block-table aligncenter is-style-stripes\"><table><thead><tr><th><\/th><th class=\"has-text-align-left\" data-align=\"left\">12h15-13h30<\/th><th class=\"has-text-align-left\" data-align=\"left\">16h30-18h00<\/th><\/tr><\/thead><tbody><tr><td>Mardi 2 avril<\/td><td class=\"has-text-align-left\" data-align=\"left\"><strong><em>R\u00e9union publique<\/em><\/strong><br>  Salle de s\u00e9minaire 2<br>  B\u00e2timent IMAG (rdc)<br>  Campus de Saint-Martin d&#8217;H\u00e8res<\/td><td class=\"has-text-align-left\" data-align=\"left\"><strong><em>Webin<\/em><\/strong><em><strong>aire<\/strong> (<a href=\"https:\/\/uga-universite-avenirs.fr\/wp-content\/uploads\/2024\/04\/video2051595181.mp4\" title=\"\">lien vers la vid\u00e9o enregistr\u00e9e<\/a>)<\/em><br>&#8211; Recherche &amp; Innovation <br>&#8211; Formation<\/td><\/tr><tr><td>Mercredi 3 avril<\/td><td class=\"has-text-align-left\" data-align=\"left\"><strong><em>R\u00e9union publique<\/em><\/strong><br>  Amphi Amp\u00e8re<br>  GreEn-ER<br>  Presqu&#8217;\u00eele<\/td><td class=\"has-text-align-left\" data-align=\"left\"><strong><em>Webinaire<\/em> <\/strong><em>(<a href=\"https:\/\/uga-universite-avenirs.fr\/wp-content\/uploads\/2024\/04\/video1666228587.mp4\" title=\"\">lien vers la vid\u00e9o enregistr\u00e9e<\/a>)<\/em><br>&#8211; Transformation \u00e9cologique<br>&#8211; Patrimoine<\/td><\/tr><tr><td>Jeudi 4 avril<\/td><td class=\"has-text-align-left\" data-align=\"left\"><strong><em>R\u00e9union publique<\/em><\/strong><br>  Salle DG 310<br>  IUT2<br>  Doyen Gosse<\/td><td class=\"has-text-align-left\" data-align=\"left\"><strong><em>Webinaire<\/em><\/strong><em> (<a href=\"https:\/\/uga-universite-avenirs.fr\/wp-content\/uploads\/2024\/04\/video1217086669.mp4\" title=\"\">lien vers la vid\u00e9o enregistr\u00e9e<\/a>)<\/em><br>&#8211; Ressources Humaines (BIATSS, C, EC, ESAS)<br>&#8211; \u00c9galit\u00e9, parit\u00e9, non-discrimination<\/td><\/tr><tr><td>Vendredi 5 avril<\/td><td class=\"has-text-align-left\" data-align=\"left\"><strong><em>R\u00e9union publique<\/em><\/strong><br>  Amphi sup\u00e9rieur nord<br>  B\u00e2timent Jean Roget<br>  Site Sant\u00e9<\/td><td class=\"has-text-align-left\" data-align=\"left\"><\/td><\/tr><tr><td>Lundi 8 avril<\/td><td class=\"has-text-align-left\" data-align=\"left\"><strong><em>R\u00e9union publique<\/em><\/strong><br>  Amphi Lavoisier<br>  Site Briffaut <br>  Valence<\/td><td class=\"has-text-align-left\" data-align=\"left\"><strong><em>Webinaire<\/em><\/strong><br>Non th\u00e9matique (discussion ouverte)<\/td><\/tr><tr><td>Mardi 9 avril<\/td><td class=\"has-text-align-left\" data-align=\"left\"><strong><em>R\u00e9union publique<\/em><\/strong><br>  Amphi de la MaCI<br>  Campus de Saint-Martin d&#8217;H\u00e8res <br><\/td><td class=\"has-text-align-left\" data-align=\"left\"><\/td><\/tr><\/tbody><\/table><\/figure>\n","protected":false},"excerpt":{"rendered":"<p>Dates des \u00c9lections Jeudi 6 juin 2024\u00c9lection des vices-pr\u00e9sidents au CAc de l&#8217;UGALa vice-pr\u00e9sidente du Conseil Acad\u00e9mique (CAc) et la vice-pr\u00e9sidente ou le vice-pr\u00e9sident \u00e9tudiant seront \u00e9lus par le CAc en formation pl\u00e9ni\u00e8re. Par la suite, la Commission de la Formation et de la Vie Universitaire (CFVU) puis la Commission Recherche (CR) \u00e9liront respectivement le [&hellip;]<\/p>\n","protected":false},"author":1,"featured_media":0,"parent":0,"menu_order":5,"comment_status":"closed","ping_status":"closed","template":"template-fullwidth.php","meta":{"_monsterinsights_skip_tracking":false,"_monsterinsights_sitenote_active":false,"_monsterinsights_sitenote_note":"","_monsterinsights_sitenote_category":0,"footnotes":""},"aioseo_notices":[],"_links":{"self":[{"href":"https:\/\/uga-universite-avenirs.fr\/index.php?rest_route=\/wp\/v2\/pages\/255"}],"collection":[{"href":"https:\/\/uga-universite-avenirs.fr\/index.php?rest_route=\/wp\/v2\/pages"}],"about":[{"href":"https:\/\/uga-universite-avenirs.fr\/index.php?rest_route=\/wp\/v2\/types\/page"}],"author":[{"embeddable":true,"href":"https:\/\/uga-universite-avenirs.fr\/index.php?rest_route=\/wp\/v2\/users\/1"}],"replies":[{"embeddable":true,"href":"https:\/\/uga-universite-avenirs.fr\/index.php?rest_route=%2Fwp%2Fv2%2Fcomments&post=255"}],"version-history":[{"count":101,"href":"https:\/\/uga-universite-avenirs.fr\/index.php?rest_route=\/wp\/v2\/pages\/255\/revisions"}],"predecessor-version":[{"id":3952,"href":"https:\/\/uga-universite-avenirs.fr\/index.php?rest_route=\/wp\/v2\/pages\/255\/revisions\/3952"}],"wp:attachment":[{"href":"https:\/\/uga-universite-avenirs.fr\/index.php?rest_route=%2Fwp%2Fv2%2Fmedia&parent=255"}],"curies":[{"name":"wp","href":"https:\/\/api.w.org\/{rel}","templated":true}]}}